vert -314231434 (base 5) to base 4.
-11002132211
Convert -960521 (base 11) to base 13.
-41b027
3032130 (base 4) to base 13
6024
Convert ab8d8 (base 15) to base 12.
223742
1002111201012 (base 3) to base 8
2156302
Convert -3014530 (base 6) to base 16.
-22bf6
Convert 225c92a (base 14) to base 12.
559058a
Convert 101001111100101 (base 2) to base 15.
656c
What is -201120111022 (base 3) in base 2?
-1011110000011110111
Convert 11101011121 (base 3) to base 9.
141147
-10062 (base 15) to base 16
-c61d
What is 4013443 (base 5) in base 14?
19287
169536 (base 12) to base 6
12203310
What is 43544661 (base 8) in base 3?
122121102102011
-218282 (base 9) to base 4
-133322213
Convert 536537 (base 10) to base 9.
1006882
517135 (base 10) to base 7
4252453
What is -666e96 (base 15) in base 9?
-10162856
-3d1271 (base 14) to base 16
-204a13
1179746 (base 10) to base 15
18484b
967581 (base 11) to base 7
16103061
What is -193092 (base 10) in base 3?
-100210212120
What is -210030213 (base 4) in base 8?
-441447
Convert -6816084 (base 9) to base 8.
-16003761
-1215555320 (base 6) to base 8
-65311240
-24412241 (base 7) to base 13
-5b7c63
300340140 (base 5) to base 6
41212311
-3369948 (base 10) to base 3
-20100012200220
-5884300 (base 10) to base 11
-3359a64
Convert -110002011201 (base 3) to base 16.
-3a0d5
What is 157507 (base 10) in base 3?
22000001121
-15dc7c (base 15) to base 12
-430b60
Convert -6ee8e5 (base 16) to base 5.
-3330043311
460631 (base 7) to base 14
21c18
What is 2457731 (base 8) in base 9?
1245571
-1109230 (base 10) to base 3
-2002100120121
Convert 110313 (base 12) to base 8.
1017277
-54102 (base 6) to base 12
-4332
Convert -653257 (base 8) to base 5.
-24000144
What is a4735b (base 12) in base 4?
21312310313
Convert 725499 (base 11) to base 3.
2012010112220
What is -1122131002 (base 4) in base 6?
-11535134
Convert 45210367 (base 8) to base 14.
14242c7
Convert 41130131 (base 8) to base 13.
1a56102
What is 1002414 (base 5) in base 15?
4b09
What is -303300012 (base 4) in base 14?
-57370
What is 301130303 (base 5) in base 14?
230882
Convert 1771774 (base 8) to base 9.
873864
1065536 (base 7) to base 5
13242132
-209727 (base 14) to base 5
-240224001
-13313302130 (base 5) to base 14
-236a55a
-8a913 (base 11) to base 7
-1055334
1440054 (base 8) to base 15
81599
20012202210 (base 3) to base 9
205683
What is -11100000101011010 (base 2) in base 14?
-2dcca
1000101101101101 (base 2) to base 3
1210221222
Convert -1e519 (base 15) to base 13.
-360c3
Convert 503086 (base 9) to base 3.
120010002220
Convert 338656 (base 13) to base 4.
10221122233
Convert -97158 (base 12) to base 14.
-526d6
Convert 64338 (base 9) to base 15.
c925
What is 6ea35f (base 16) in base 12?
251807b
14403664 (base 8) to base 16
3207b4
What is 1eb41 (base 16) in base 12?
60941
Convert -55443025 (base 6) to base 16.
-197b19
1462013 (base 7) to base 5
22344404
-100011010010011000100 (base 2) to base 8
-4322304
What is 4973937 (base 10) in base 12?
17ba529
-11111101101011011 (base 2) to base 12
-631b7
Convert 64b568 (base 13) to base 3.
11110021001101
What is -111110111000100111011 (base 2) in base 8?
-7670473
Convert 61a13 (base 16) to base 2.
1100001101000010011
Convert -1432b3b (base 12) to base 3.
-21121200122102
248753 (base 9) to base 4
210310011
-10001222221010 (base 3) to base 4
-12032311212
What is -3244104 (base 5) in base 14?
-16670
Convert -2122212220010 (base 3) to base 5.
-330234121
-334474 (base 9) to base 11
-127403
1441201 (base 5) to base 16
7851
-41a05 (base 14) to base 11
-a8a96
-487328 (base 9) to base 4
-1013302220
Convert -1334065 (base 7) to base 12.
-86304
What is 316d8 (base 16) in base 9?
337641
Convert -101000010011101001000010 (base 2) to base 6.
-1014245350
What is -1aa0239 (base 12) in base 16?
-56b34d
Convert -1f7cb (base 16) to base 8.
-373713
Convert 71587 (base 13) to base 5.
22444310
What is 13022600 (base 8) in base 9?
5388628
Convert -142106133 (base 7) to base 15.
-c3e709
81a536 (base 11) to base 2
101000001100010001011
11220021210 (base 3) to base 9
156253
What is 24042151 (base 7) in base 9?
4003127
What is 315f9 (base 16) in base 5?
22432413
Convert -921b3 (base 13) to base 15.
-52858
What is 14618 (base 14) in base 3?
2120101201
Convert -24c5d (base 14) to base 5.
-10341433
What is 100001010110011001111 (base 2) in base 9?
2045048
What is 21003333103 (base 4) in base 12?
966957
-1570234 (base 8) to base 4
-1233002130
What is -300310012 (base 4) in base 7?
-1461631
-3eeac6 (base 15) to base 11
-1794460
Convert -1102213 (base 5) to base 10.
-19058
Convert -200413432 (base 5) to base 10.
-794867
-5cb4c (base 13) to base 5
-20433332
What is -4332c3 (base 15) in base 8?
-14152205
-1014113 (base 7) to base 9
-204568
What is 155434130 (base 6) in base 15?
462226
Convert 21332023322 (base 4) to base 16.
27e2fa
Convert 356344 (base 8) to base 15.
2628e
-1524245 (base 6) to base 5
-10322333
10101001110001101111 (base 2) to base 10
695407
What is 12001221000 (base 3) in base 11?
68aa5
What is -12420335 (base 7) in base 8?
-4241044
Convert -115241144 (base 6) to base 5.
-1031320343
Convert 446365 (base 8) to base 6.
3122005
What is 254110540 (base 6) in base 12?
17ab450
What is 1060150 (base 7) in base 15?
29244
Convert 1354450 (base 6) to base 15.
17e6c
What is 5c368 (base 13) in base 11?
1065aa
20311313 (base 5) to base 11
104076
What is -100011011110100110010 (base 2) in base 8?
-4336462
Convert -3312241 (base 5) to base 12.
-29124
-256644 (base 8) to base 11
-61281
Convert -524421301 (base 6) to base 2.
-100011000000110111100101
Convert -1363064 (base 7) to base 5.
-21333201
12232450 (base 6) to base 16
6004e
Convert 441114403 (base 5) to base 10.
1894978
ea0e1 (base 15) to base 5
142231321
What is -2da7d (base 15) in base 7?
-1153003
What is -1421352 (base 6) in base 13?
-2a974
-1215971 (base 10) to base 3
-2021202222222
What is 13286307 (base 9) in base 14?
c27d1c
101231032030 (base 4) to base 5
2142013201
-1511187 (base 9) to base 4
-3023221120
Convert 184038 (base 9) to base 11.
79020
Convert -76281 (base 11) to base 16.
-1b0d4
Convert -4021365 (base 7) to base 3.
-220011212020
8433a0 (base 12) to base 9
3818273
1354484 (base 10) to base 11
84570a
-20244424 (base 7) to base 6
-100132454
What is 15401521 (base 8) in base 16?
360351
1e644 (base 16) to base 11
85588
-b30c1 (base 14) to base 16
-69381
Convert -2030101 (base 4) to base 10.
-8977
175a68 (base 11) to base 3
111210101201
21201120 (base 6) to base 2
10010111111100001000
1081814 (base 10) to base 12
442072
16405454 (base 7) to base 6
54132555
Convert 32626320 (base 7) to base 15.
3a8ab0
Convert 630221 (base 7) to base 10.
108158
Convert 100331300 (base 4) to base 11.
48231
-718412 (base 9) to base 11
-271128
Convert -113340040 (base 5) to base 3.
-222210121210
Convert -93013 (base 15) to base 16.
-71b68
-19398b (base 13) to base 11
-3a529a
What is 3563057 (base 8) in base 5?
222221211
What is -1210111202122 (base 3) in base 4?
-3221013002
328141 (base 11) to base 13
15421c
202310 (base 5) to base 11
4a42
Convert -851458 (base 10) to base 14.
-182426
What is 554081 (base 10) in base 3?
1001011001112
Convert -10011101110101111011 (base 2) to base 7.
-5331623
10011010001000100001111 (base 2) to base 16
4d110f
What is 202434242 (base 5) in base 12?
33aa1b
What is -12630742 (base 9) in base 6?
-341154145
Convert -1148b (base 16) to base 8.
-212213
What is 92953 (base 12) in base 13?
691a1
What is -108227 (base 10) in base 8?
-323303
Convert -1412240341 (base 5) to base 14.
-6a8406
-101022123 (base 4) to base 14
-1b895
What is 121011002111 (base 3) in base 13?
b1919
What is ccbcbe (base 15) in base 3?
200100212012122
Convert -6610543 (base 7) to base 15.
-10ec5d
-22168c (base 16) to base 8
-10413214
Convert -445257 (base 8) to base 14.
-3ca3d
Convert b848a9 (base 12) to base 14.
55ad33
What is -36996c (base 14) in base 9?
-3460780
-22452703 (base 8) to base 4
-102211113003
Convert 26517111 (base 8) to base 2.
10110101001111001001001
-10023302112 (base 4) to base 15
-169ed9
Convert -100042211 (base 5) to base 7.
-3226013
Convert -21403356 (base 9) to base 7.
-153566163
Convert 8174 (base 9) to base 13.
2950
What is -10002130 (base 5) in base 12?
-39467
Convert 1324435 (base 6) to base 9.
121865
-227b1b (base 12)